 + -3) - 2) + (-13 - -21).
24
What is the value of -46 + -16 + (34 - (12 - 11))?
-29
What is 3 + -3 - (-10 + 1) - 33?
-24
16 + -3 + 2 + 5 - (1 + -1)
20
Calculate (-1 - 4) + -24 + (-1 - -9).
-21
What is (-1 - 1) + (147 - 138 - (-4 + -5))?
16
(-7 + 26 + -34 - -11) + -1 + -13
-18
-34 + 5 + 13 + -6
-22
Calculate -60 - -27 - -45 - 16.
-4
Calculate 28 - (-14 + 74 - 34).
2
Calculate 574 + -587 - (-2 + -11).
0
24 + (-12 - 0) + 11 + -34
-11
Calculate (-31 - 1 - (25 - 35)) + 10.
-12
Calculate 6 - 4 - (-4 - 2).
8
Calculate -21 + 2 - (21 + -95 + 17).
38
-53 - -47 - (2 + (2 - 6 - 3))
-1
Calculate -11 - (7 + -22 + -14).
18
Evaluate 7 + (-1 - 20) + -1.
-15
What is -3 + -2 + (222 - 193)?
24
Evaluate 16 + -1 + -1 + (48 - (2 + 49)).
11
(3 + 1 - -10) + -10
4
Evaluate -4 - 12 - (5 - (-4 - (-8 + -3))).
-14
Evaluate (1 + 1 - 14) + 2 - (769 - 780).
1
What is -6 - (1 + -14 + 3)?
4
Calculate (-5 - (-9 - (-28 - -15))) + -4 + 3.
-10
-290 + 295 + 0 + -1
4
(-15 - (22 - 29)) + -4
-12
What is the value of (-1 - 10 - -13) + 12 + 8?
22
Calculate -7 + 20 - -2 - (-2 - -15).
2
86 - 74 - (5 - (-11 + -1))
-5
Evaluate 5 + (-9 - (-7 + 13)) - (-6 + 2).
-6
What is the value of (-30 - 12 - -29) + 20?
7
What is 29 - 37 - 22 - -8?
-22
Evaluate -1 - (-28 + 30 + (-5 - -2 - 1)).
1
Evaluate -78 - -105 - (13 - 13 - (-1 + -5)).
21
What is the value of 2 - (-5 - (30 - 54))?
-17
What is 6 + -5 + (-8 - -6) + (12 - 1)?
10
Calculate 12 + -15 - (-2 - (0 + 4 - 3)).
0
Evaluate 5 + (1 - (-6 - -10 - -8)).
-6
Calculate (-10 - (1 - 0)) + 24 - 8.
5
What is the value of 1 + -1 - (4 + -3) - (-54 + 30)?
23
Evaluate (4 - -6) + -3 + (-5 - (-2 + 11)).
-7
1297 + -1324 - (1 - 22)
-6
What is -23 + (-5 - 3 - (-27 - -9))?
-13
Evaluate 2 - (11 + -18 + (0 + 4 - 5)).
10
Evaluate -11 + 19 - (1 + (6 - (-5 + 29))).
25
What is (-6 - -13 - (15 + -2 + -2)) + 11?
7
Calculate -32 + (58 + -43 + 2 + -6 - 15).
-36
Calculate 17 + 0 + 0 - 4.
13
What is the value of -5 - (-4 + 5) - (-21 + 13) - -14?
16
(-7 - (8 + -6)) + -16
-25
-6 + (0 - 1) - (0 + 12 + 8)
-27
What is the value of (17 - -8) + -5 + -19 - (0 + -24)?
25
Calculate -7 + 5 + 3 + -11 + (36 - 0).
26
Calculate (-20 - 15) + 70 + -18.
17
Calculate 10 + (7 - (34 + 5 + 0)).
-22
Calculate -1 + -2 + 58 + -52 + 0 + -9.
-6
Calculate 11 - (-6 - -68 - 13).
-38
-2 + (-12 - (-12 + 9)) + 26
15
(-25 - (11 + -29)) + 12 + -1
4
Evaluate -6 + 3 - ((-33 - -32) + (8 - 0)).
-10
Calculate (-2 - 1) + (11 - (7 - (-21 - -39))).
19
Evaluate 31 + (26 - 52) + 0 + 0 + 15.
20
What is 4 + -5 + 28 + -12?
15
Evaluate 1 - -24 - -2 - 19.
8
What is the value of 7 - 7 - -23 - (-9 + (3 - -12))?
17
What is (-7 - (34 + -26)) + 35?
20
Calculate 4 + -19 + 11 + (2 - (-1 - -6)).
-7
Calculate 2 + -4 - (2 + 17 - 27).
6
Evaluate -9 - -18 - (-1 + (5 - -4)).
1
What is the value of -16 + 51 + -29 - (-1 - -15)?
-8
What is 19 + -12 + (-4 - 10) - -3 - 7?
-11
What is -4 + -3 + 16 + -7 - 0?
2
Evaluate -4 + 0 - ((-39 - -57) + -12).
-10
What is -1 + 3 + 11 + (-29 - -16)?
0
Evaluate 22 + -44 + 28 - (0 - -12).
-6
What is the value of -5 + (13 - 2 - (6 + -8))?
8
Evaluate 4 + -14 + -6 + 13 - (-11 + -18).
26
What is the value of (3 - 4) + -3 + 17 + -27 + 17?
3
Evaluate 1 - -34 - (-400 + 423).
12
What is (2 + -10 - 10) + 2?
-16
3 + (1 - 11) + (-20 - -46) + -10
9
(2 - 2) + 7 + 2 + 9 + -23
-5
What is (25 - -6) + -20 + -6?
5
What is the value of 5 + -2 + (-171 - -171)?
3
What is -4 - (2 + (17 - 5)) - -3?
-15
Evaluate -4 + 10 + 4 + -1 + -4 + -13.
-8
What is the value of (-21 - -44 - -9) + -50?
-18
Evaluate -9 - -12 - (4 - (18 + 0)).
17
What is the value of 5 + (-8 + (5 - 3) + 1 - -5)?
5
What is the value of 3 + 3 + -18 + 13 + -7?
-6
Calculate 0 - (-17 - (-21 + 26)).
22
What is (0 - -18) + (-1 - 35)?
-18
Evaluate 0 + 1 + 1 + (1 + -19 - -21).
5
What is the value of (16 - 49) + 4 + 10 - (-2 + 5)?
-22
Evaluate 2 + -2 - 2 - (7 - (5 - 7)).
-11
Evaluate -10 - (-19 + 9) - (-8 - (-7 + -19)).
-18
(4 - 5) + -3 + -2 + 4 - 12
-14
What is (-11 - (3 + -29)) + -35 - -7?
-13
Evaluate (-11 - 2 - -7) + (-1 - (0 - 7)).
0
What is the value of 12 - 1 - (90 - 83)?
4
What is the value of 16 + 6 - ((-2 - -2) + 7 + -1)?
16
Calculate (-59 - -46 - (-4 - -10)) + 0.
-19
What is -1 + 7 + -5 - 9 - (-6 + -26)?
24
Calculate 151 + -158 + (0 + 4 + -6 - -9).
0
-2 + -7 + (-2 + 0 + 7 - -7)
3
What is the value of 19 + 11 + -5 - 51?
-26
-1 + 0 - (-17 - (-13 - (-16 - -26)))
-7
What is -12 + (28 - (-2 + 6)) + -12?
0
16 - 6 - (9 - -14)
-13
Calculate 12 - (-22 + -9 + 24).
19
What is 104 - 102 - (5 + 9)?
-12
Calculate -20 + (-5 + 16 - -33).
24
Calculate 44 - 38 - (3 + -2).
5
(10 - (9 + 1 + 0 + -2)) + 9
11
What is -1 + (1 - 0) + (28 - 13 - 15)?
0
What is 3 + 7 + -12 + 5 + -16?
-13
What is the value of 15 - (24 + 0) - (0 - 2 - 17)?
10
Evaluate 1 - (0 - 3) - (27 + -14).
-9
(-2 - -4) + -3 - (-6 - -7) - 1
-3
5 + (-2 - 7 - -13 - 9)
0
Calculate -108 - -106 - (-3 - -18).
-17
Calculate (2 - -1) + 25 + -1276 + 1282.
34
(1 - 3) + -2 + (-3 + -5 - -5)
-7
Calculate (2 - (10 + 3 - 6)) + -6 + -1.
-12
What is 58 - 44 - (5 - -4)?
5
-13 + -2 - (-28 + 7)
6
What is -3 - 6 - 0 - (23 - (48 - 14))?
2
What is the value of -5 - (-9 + (12 - 7))?
-1
What is the value of (13 - 15) + -13 - -30?
15
What is the value of 7 + 19 + -21 + (1 - 0) + -14?
-8
What is the value of -3 + 7 - (-5 - -1) - 21?
-13
-34 - -7 - (-15 + (-17 - -15))
-10
(0 - (1 - 6)) + -8
-3
Calculate -4 + -2 - (11 - (11 + 9)).
3
2 + (42 - 23 - 0)
21
What is 24 - 25 - (-18 - (-4 + 3 - 3))?
13
19 + (5 + (3 + -2 - 2) - 11)
12
Calculate 0 + -3 - (38 + -31) - 3.
-13
-12 - (-13 + -4 + -7 + 13)
-1
What is the value of (10 - (16 - -8)) + (9 - 1)?
-6
What is the value of 4 - 4 - (139 + -141)?
2
What is -5 + 1 + 0 - (35 - 38)?
-1
What is 1559 + -1564 - (16 + 1)?
-22
Calculate -19 + -1 - (-574 - -565).
-11
What is the value of (-6 - (8 + -22) - 1) + -19 + 8?
-4
What is the value of (-32 - -28) + 1 + 5 + 6?
8
What is 37 - 48 - (11 - -7)?
-29
What is (1 - (-35 - -23)) + 5?
18
Calculate -14 - (-30 - -18 - -5).
-7
-29 + (24 - -6) - -6
7
What is (86 - 95) + (-1 - -11)?
1
Calculate 0 + 3 + (0 + 14 - 11).
6
-4 - (-2 + -20 + 23)
-5
-35 + 33 - (-18 + (0 - -2))
14
Evaluate 5 + (-14 - -5) + -2 + (16 - 1).
9
0 + 31 + -14 + (-4 - (0 + -2))
15
34 - ((8 - -15 - 4) + -9)
24
What is -1 + 2 + -9 + (-65 - -43 - -46)?
16
What is -28 - (14 + (-4 - 24))?
-14
Calculate (26 - 13) + 18 + -30.
1
Calculate 62 - (-33 + 105) - ((-35 - -1) + 2).
22
-7 + (13 - 23) + -4 + 13
-8
What is the value of 29 + (36 - (15 - -18))?
32
Evaluate 4 + 1 + (438 - 448 - (-22 - -1)).
16
Evaluate 7 + -1 + 2 + -7 - (-9 + 13).
-3
-26 - (-22 + 33) - -16
-21
(-2 - (12 + -12)) + -16 + 7
-11
What is the value of (5 - (10 + -13 - -13)) + 0 + 30?
25
What is 11 + (5 - 14) - (1 + 11)?
-10
Calculate (-31 - 1) + (-261 - -283).
-10
What is the value of ((10 - -5) + -15 - 5) + 11?
6
Calculate 32 - (-38 - -77) - (0 + -1).
-6
What is -26 + 3 + 3 + 10 - -6?
-4
What is (33 - -3) + -62 + 49?
23
Evaluate 0 + -5 - (41 + -48).
2
Evaluate 5 - (-20 + -14 + 33 + -11).
17
6 + (8 - (4 + 3) - 1)
6
Calculate -23 + (-11 - -17 - -25).
8
Calculate 9 + (8 - 10) - (-9 - -4 - -1).
11
0 - 17 - (14 + -1 + -5 - 12)
-13
What is -6 + (-2 + 6 + (-41 - -32) - 4)?
-15
What is the value of (2 - (-15 - -5 - -23)) + 19?
8
Calculate 1 - (1 - -2) - (-11 - 9).
18
(-1 - 0) + -2 - (55 - (40 - -33))
15
What is (28 - 44) + (18 - 4) - (0 - -22)?
-24
What is the value of (3 - -9 - 6 - 4 - -3) + 2?
7
2 + -1 + -36 + (-88 - -93)
-30
-1 - (-12 + 2 + 1)
8
What is the value of 5 + -3 + -1 + -8 - (0 + -8)?
1
Calculate (3 - 1) + (5 - 2 - 15) + 7.
-3
Evaluate -55 - (-27 - -26) - -30.
-24
Calculate -9 - (-23 + (-38 - -72)).
-20
What is the value of -1 + (-10 - (-1 - (7 + -6)) - -7)?
-2
(90 - 77) + (-2 - (4 + -5)) + 5
17
Evaluate 7 - (6 + -7 + -2).
10
-17 + 26 - (10 - -10)
-11
(-50 - -33) + 22 - (-1 - -3)
3
What is (2 - -6) + -197 + 192?
3
Calculate -3 + 7 + (-20 + 24 - (1 + 5)).
2
Evaluate 24 + -2 + -30 + -24.
-32
3 + (1 + (1 - 8) - (-18 - -24))
-9
3 + 5 - (3 + (7 - 12) + -3)
13
-11 - 11 - (63 + -95)
10
Calculate 7 + 43 - (-13 + 34).
29
-3 + -1 + (-20 - -22) + -4 - 1
-7
What is (-6 - (30 + -4)) + 151 + -149?
-30
Evaluate 5 + (-8 - 1 - -12 - (-11 + 6)).
13
What is 27 + (1 + 10 - (145 - 126))?
19
Calculate 26 + -62 - (-27 + -3).
-6
What is the value of -19 + -23 + 32 - -9?